 the highest common divisor of w and x.
8
Let l be 102/2 - ((-48)/80 + (-76)/(-10)). Calculate the highest common factor of l and 2090.
22
Suppose 34*j = 633 + 628 - 683. Let o(l) = 13*l**2 - l - 1. Let b be o(-3). Calculate the greatest common factor of j and b.
17
Let h(a) = -a**3 + 2*a**2 - a - 2. Let x be h(-2). Let o = 3486 - 2094. Suppose 40*p - o = 11*p. Calculate the highest common factor of p and x.
16
Let o be 1292/17 + (6 + -4)*-3. What is the greatest common factor of 185 and o?
5
Let h = -3989 + 5067. Calculate the greatest common divisor of h and 198.
22
Let t = 251 - 236. Suppose 0*k = -t*k + 1020. What is the highest common factor of 17 and k?
17
Suppose -2*j = 3*j - 20. Suppose 4*c = c + 9, 0 = -j*v - c + 355. Suppose 4*t - 344 + 256 = 0. Calculate the highest common factor of v and t.
22
Let c(p) = -p**2 + 123*p + 6544. Let n be c(163). Let w = 400 + 19. Let x = w + -251. Calculate the highest common factor of x and n.
24
Let q = -24 + 28. Let i be q/((-41)/(-10) + -4). Suppose -2*u - 50 = -4*b, b - 30 = -7*u + 11*u. Calculate the highest common factor of b and i.
10
Let t be (-22)/(-1)*4 + 530/106. Suppose -108*d + 7695 = -t*d. Calculate the greatest common factor of 57 and d.
57
Suppose -460*l - 129018 = -42*l - 1316138. What is the highest common divisor of l and 340?
20
Let k be (-3059)/(-105) + 8/(-60). Suppose -5*f + k = -346. What is the greatest common factor of 15 and f?
15
Let r(l) = 6*l + 7. Suppose -4*u - u - 6 = -2*p, u = -3*p + 9. Let s be r(u). Suppose s*j - 1360 + 226 = 0. What is the highest common divisor of j and 18?
18
Suppose -q - 5 = -b - 2, -5*q - 5 = -3*b. Suppose 3*r + 6*p + 19 = p, -4*r + 4*p + 28 = 0. What is the highest common factor of q and r?
2
Let d(n) = -41*n**3 + 3*n**2 + 4*n + 9. Let o be d(-2). Suppose 8*k - 493 = -o. What is the highest common factor of k and 4?
1
Let h be (-1 + 0 - 9)*((4 - 4) + -17). What is the greatest common factor of 1717 and h?
17
Suppose 8833 = 476*q - 2115. What is the highest common factor of q and 11293?
23
Let c = -300 - -940. Suppose 19*f = 21*f - 10. Calculate the greatest common divisor of c and f.
5
Let a = -115 - -230. Suppose -29*s + 1791 + 210 = 0. What is the greatest common factor of a and s?
23
Suppose -10*u = -11*u. Suppose u = -6*c - 115 + 391. Suppose -c = -i - 0*i. What is the highest common divisor of 115 and i?
23
Suppose -5*h + 49 + 83 = 4*u, 5*u - 3*h = 128. What is the greatest common divisor of 2492 and u?
28
Let s be (-14800)/(-2450) + (-4)/98. What is the highest common factor of s and 22?
2
Let l be 6/((-7)/(42/(-9))). Suppose l*g + 33 + 101 = 3*y, -4*g - 8 = 0. Suppose -4*w + 0*w + 112 = 0. Calculate the highest common factor of w and y.
14
Suppose g + 3*g = 3*w - 1646, 5*g + 2740 = 5*w. Suppose -w*y + 20 = -545*y. Calculate the highest common divisor of y and 170.
10
Suppose -3*i = -2*k - k - 24, -48 = -5*i + k. Suppose -i*t + 9*t = -14. Let w(p) = p**2 - 15. Let y be w(13). Calculate the highest common divisor of t and y.
14
Let s(t) = 2*t**3 + 15*t**2 - 164*t - 53. Let x be s(9). Calculate the highest common factor of x and 16.
8
Let c = -47 + 5. Let o = c - -70. Let v be (-36)/(-10) + o/70. What is the highest common divisor of v and 8?
4
Suppose -443*o = -446*o + a + 122, 0 = -o - 5*a + 110. Let w(n) = -12*n - 9. Let v be w(-6). What is the greatest common divisor of v and o?
9
Suppose -54 = 16*f - 7*f. Let n be f/3 + 102/(6/1). Calculate the greatest common factor of 465 and n.
15
Let b be ((-56)/(-42))/(2/3). Suppose 0 = 3*j - 5*h - 12, 0 = -3*j - 6*h + b*h + 39. Let k = 193 - 94. Calculate the highest common divisor of j and k.
9
Let y(p) = 13*p - 26. Let m = 265 - 259. Let w be y(m). What is the highest common factor of w and 104?
52
Suppose -23*w = 1064 + 1477 - 2909. Suppose -3*s + 28 = -2*s. Suppose -l + 3*i + s = -0*l, 0 = 5*l + 4*i - 216. What is the greatest common divisor of w and l?
8
Suppose b - 1086 = 2*o, -1629 = -2*b - 5*o + 570. Let h = -388141 - -388225. What is the highest common divisor of b and h?
84
Suppose -1035 = 34*i - 103*i. Calculate the highest common factor of i and 365.
5
Let k(l) = 38*l - 2973. Let q be k(81). Suppose 3*x - 5*x + 60 = 0. Suppose v + v - x = 0. Calculate the greatest common factor of v and q.
15
Suppose -3*v + 231 = 3*g - 3, 2*v + 4*g = 156. Calculate the greatest common divisor of v and 559.
13
Let s(q) = 6*q + 157. Let w(a) = a + 39. Let n(k) = -4*s(k) + 18*w(k). Let z be n(10). What is the highest common divisor of 224 and z?
14
Let z be 27/(133/26 + -5). Suppose -41*m + z = -35*m. What is the highest common factor of 91 and m?
13
Let w(n) = -250*n**3 + 41*n**2 + 12*n + 23. Let j be w(-3). Calculate the greatest common divisor of 114 and j.
38
Suppose 2*l = -5*k + 524 + 654, 10 = -5*k. Suppose -l = -2*p - b, -2*p - b - 297 = -3*p. What is the highest common factor of 27 and p?
27
Let u be 1599/82*(-80)/(-12). Let n = 21 + -8. What is the highest common factor of n and u?
13
Let x = 234 - 212. Suppose 11 = -3*q + 4*q + i, 2*q - 3*i = x. What is the highest common divisor of 407 and q?
11
Let q be (-14740)/(-50) + 1/5. Suppose 0 = 8*d - 7*d + 2*l - 51, 0 = -2*l - 8. What is the highest common divisor of d and q?
59
Let j(b) = 13*b**2 - 299*b + 32. Let y be j(-19). What is the greatest common factor of y and 242?
242
Let f(h) = 7*h**2 + 39*h + 36. Let r be f(-8). What is the greatest common divisor of r and 7224?
172
Let l be 166 - 11/((-154)/140). Calculate the greatest common factor of l and 4752.
176
Suppose 10*h + 440 = 5*h - 5*d, 2*h - 3*d = -161. Let j = 97 + h. Calculate the greatest common divisor of j and 96.
12
Let g be (1 + -2)*-8 - -24. Let d be ((-14)/(-4))/(1/(-6)). Let i = d + g. What is the highest common factor of i and 11?
11
Let k(s) = -s**3 + 17*s**2 - 9*s + 25. Let v be k(17). Let u = 208 + v. What is the highest common factor of u and 16?
16
Let c = -314 + 317. Suppose 2*q + 2*q - 628 = -c*d, 304 = 2*q + 4*d. Calculate the greatest common divisor of 60 and q.
20
Suppose 7 = 2*l + 5. Suppose 0 = 4*o - 25 + l. Suppose o*c - 77 = 67. Calculate the greatest common divisor of c and 72.
24
Let x = -308 + 329. Let t(r) = -r**3 + 11*r**2 - 14*r - 14. Let u be t(7). What is the greatest common divisor of x and u?
21
Let x = -4384 + 4406. What is the highest common factor of 143 and x?
11
Suppose t + 5*u + 314 = 1697, 0 = -5*t + u + 6759. What is the highest common factor of 33 and t?
33
Suppose -2*t = -113 - 737. Suppose -9*m - 889 = t. Let c = m + 238. What is the highest common divisor of c and 69?
23
Suppose 18*s + 6*s + 4*s - 56896 = 0. Calculate the greatest common divisor of 635 and s.
127
Suppose 5*h + 88 = 6*h + 23. What is the greatest common divisor of h and 310?
5
Let z = -695 + 697. Suppose -220 = -3*d - 4*h, -z*d = -8*h + 3*h - 162. Calculate the highest common factor of d and 4.
4
Suppose 14*g - 18*g + 20 = 0. Suppose 29 - 8 = 3*z. Suppose h - z = g. Calculate the highest common factor of h and 3.
3
Let b(f) = -17*f**2 + 177*f - 32. Let n be b(10). Calculate the greatest common divisor of n and 95.
19
Let f = -14461 + 14661. What is the greatest common factor of f and 1950?
50
Let g = -3 + 12. Let o(u) = -u**2 + 10*u + 9. Let d be o(10). Suppose 5*c - 4*c - d = 0. Calculate the greatest common divisor of c and g.
9
Let q be 4/10 - 96/(-10). Let y(g) = -4*g - 1 - 5*g + g**2 + 3*g + 5. Let w be y(6). Calculate the highest common divisor of q and w.
2
Suppose -19*y - 6 = -22*y, 2*y = -5*a - 51. Let d(o) = o**2 + 7*o - 37. Let h be d(a). Calculate the highest common divisor of h and 308.
7
Let p = 3474 + -2674. Calculate the greatest common divisor of 3400 and p.
200
Suppose 3*g = 5*g + 4*o + 14, 0 = 4*g + o + 21. Let p be (2/10)/((-1)/g). Let r = -5604 + 5616. What is the greatest common factor of r and p?
1
Suppose 0 = 3*m - 12*k - 2739, 0 = -5*m + 3*k + 3438 + 1025. What is the greatest common factor of 7 and m?
7
Let b(y) = 2*y**2. Let a be b(1). Suppose 2 = -3*q - 4*o, o - 2*o = a. Suppose 5*g = -7 + q, 0 = 3*f + 3*g - 78. What is the greatest common factor of f and 18?
9
Let j be 0/((-4)/6*-3). Suppose 0*h - 3*h + 6 = j. Suppose 18*w + 978 - 1230 = 0. What is the highest common divisor of w and h?
2
Let i = -21237 + 21318. What is the highest common div